{"id":306,"date":"2025-06-18T04:58:21","date_gmt":"2025-06-18T07:58:21","guid":{"rendered":"https:\/\/jep.eng.br\/jep-energias\/?page_id=306"},"modified":"2025-07-24T12:46:07","modified_gmt":"2025-07-24T15:46:07","slug":"simulacao","status":"publish","type":"page","link":"https:\/\/jep.eng.br\/jep-energias\/simulacao\/","title":{"rendered":"simulacao"},"content":{"rendered":"\t\t<div data-elementor-type=\"wp-page\" data-elementor-id=\"306\" class=\"elementor elementor-306\" data-elementor-post-type=\"page\">\n\t\t\t\t<div class=\"elementor-element elementor-element-c1f0c04 e-flex e-con-boxed e-con e-parent\" data-id=\"c1f0c04\" data-element_type=\"container\" data-e-type=\"container\" data-settings=\"{&quot;background_background&quot;:&quot;classic&quot;,&quot;shape_divider_top&quot;:&quot;tilt&quot;,&quot;shape_divider_bottom&quot;:&quot;tilt&quot;}\">\n\t\t\t\t\t<div class=\"e-con-inner\">\n\t\t\t\t<div class=\"elementor-shape elementor-shape-top\" aria-hidden=\"true\" data-negative=\"false\">\n\t\t\t<svg xmlns=\"http:\/\/www.w3.org\/2000\/svg\" viewBox=\"0 0 1000 100\" preserveAspectRatio=\"none\">\n\t<path class=\"elementor-shape-fill\" d=\"M0,6V0h1000v100L0,6z\"\/>\n<\/svg>\t\t<\/div>\n\t\t\t\t<div class=\"elementor-shape elementor-shape-bottom\" aria-hidden=\"true\" data-negative=\"false\">\n\t\t\t<svg xmlns=\"http:\/\/www.w3.org\/2000\/svg\" viewBox=\"0 0 1000 100\" preserveAspectRatio=\"none\">\n\t<path class=\"elementor-shape-fill\" d=\"M0,6V0h1000v100L0,6z\"\/>\n<\/svg>\t\t<\/div>\n\t\t\t\t<div class=\"elementor-element elementor-element-9c4a320 elementor-widget elementor-widget-image\" data-id=\"9c4a320\" data-element_type=\"widget\" data-e-type=\"widget\" data-widget_type=\"image.default\">\n\t\t\t\t<div class=\"elementor-widget-container\">\n\t\t\t\t\t\t\t\t\t\t\t\t\t\t\t\t<a href=\"https:\/\/jep.eng.br\/jep-energias\/\">\n\t\t\t\t\t\t\t<img decoding=\"async\" width=\"169\" height=\"100\" src=\"https:\/\/jep.eng.br\/jep-energias\/wp-content\/uploads\/2025\/06\/Logo-Laranja-Grupo-54.webp\" class=\"attachment-full size-full wp-image-605\" alt=\"Logo Laranja - Grupo-54\" \/>\t\t\t\t\t\t\t\t<\/a>\n\t\t\t\t\t\t\t\t\t\t\t\t\t\t\t<\/div>\n\t\t\t\t<\/div>\n\t\t\t\t<div class=\"elementor-element elementor-element-eda964a elementor-widget elementor-widget-shortcode\" data-id=\"eda964a\" data-element_type=\"widget\" data-e-type=\"widget\" data-widget_type=\"shortcode.default\">\n\t\t\t\t<div class=\"elementor-widget-container\">\n\t\t\t\t\t\t\t<div class=\"elementor-shortcode\">    <div id=\"solar-simulator-container\">\r\n        <form id=\"solar-simulator-form\">\r\n\r\n            <div class=\"form-step\" data-step=\"1\">\r\n                <h2 class=\"texth2\">Simulador de Energia Solar<\/h2>\r\n                <p class=\"textp\">Qual o seu gasto m\u00e9dio mensal com energia el\u00e9trica?<\/p>\r\n                <input type=\"number\" id=\"gasto_mensal\" name=\"gasto_mensal\" placeholder=\"R$ 200,00\" min=\"0\" step=\"0.01\" required>\r\n                \r\n                    <div id=\"contact-warning\" style=\"display:none; color: orange; margin-top: 10px;\">\r\n                    Para esse projeto, fale com um dos nossos consultores.\r\n                    <br>\r\n                    \r\n                                            <a href=\"https:\/\/wa.me\/5527997171987\" target=\"_blank\" class=\"whatsapp-button\">Entrar em contato agora<\/a>\r\n                                        \r\n                <\/div>\r\n                \r\n                \r\n                <button type=\"button\" class=\"next-step\">Avan\u00e7ar<\/button>\r\n            <\/div>\r\n\r\n            <div class=\"form-step\" data-step=\"2\" style=\"display:none;\">\r\n                <h2 class=\"texth2\">Onde ser\u00e1 a instala\u00e7\u00e3o?<\/h2>\r\n                <select id=\"estado\" name=\"estado\" required><option value=\"\">Selecione o Estado<\/option><\/select>\r\n                <select id=\"cidade\" name=\"cidade\" required><option value=\"\">Selecione a Cidade<\/option><\/select>\r\n                <button type=\"button\" class=\"prev-step\">Voltar<\/button>\r\n                <button type=\"button\" class=\"next-step\">Avan\u00e7ar<\/button>\r\n            <\/div>\r\n\r\n            <div class=\"form-step\" data-step=\"3\" style=\"display:none;\">\r\n                <h2>Estamos quase l\u00e1!<\/h2>\r\n                <input type=\"text\" id=\"nome_completo\" name=\"nome_completo\" placeholder=\"Nome Completo\" required>\r\n                <input type=\"email\" id=\"email\" name=\"email\" placeholder=\"Seu melhor e-mail\" required>\r\n                <input type=\"tel\" id=\"telefone\" name=\"telefone\" placeholder=\"Telefone com DDD\" required>\r\n                <select id=\"previsao\" name=\"previsao\" required>\r\n                    <option value=\"\">Para quando \u00e9 o seu sistema?<\/option>\r\n                    <option value=\"O quanto antes - tenho urgencia\">O quanto antes - tenho urg\u00eancia<\/option>\r\n                    <option value=\"Quero comprar em breve\">Quero comprar em breve<\/option>\r\n                    <option value=\"Ainda n\u00e3o tenho uma previs\u00e3o\">Ainda n\u00e3o tenho uma previs\u00e3o<\/option>\r\n                <\/select>\r\n                <button type=\"button\" class=\"prev-step\">Voltar<\/button>\r\n                <button type=\"submit\">Gerar Proposta<\/button>\r\n            <\/div>\r\n        <\/form>\r\n\r\n        <div id=\"solar-results\" style=\"display:none;\"><\/div>\r\n    <\/div>\r\n    <\/div>\n\t\t\t\t\t\t<\/div>\n\t\t\t\t<\/div>\n\t\t\t\t\t<\/div>\n\t\t\t\t<\/div>\n\t\t\t\t<\/div>\n\t\t","protected":false},"excerpt":{"rendered":"","protected":false},"author":1,"featured_media":0,"parent":0,"menu_order":0,"comment_status":"closed","ping_status":"closed","template":"elementor_canvas","meta":{"_joinchat":[],"footnotes":""},"class_list":["post-306","page","type-page","status-publish","hentry"],"_links":{"self":[{"href":"https:\/\/jep.eng.br\/jep-energias\/wp-json\/wp\/v2\/pages\/306","targetHints":{"allow":["GET"]}}],"collection":[{"href":"https:\/\/jep.eng.br\/jep-energias\/wp-json\/wp\/v2\/pages"}],"about":[{"href":"https:\/\/jep.eng.br\/jep-energias\/wp-json\/wp\/v2\/types\/page"}],"author":[{"embeddable":true,"href":"https:\/\/jep.eng.br\/jep-energias\/wp-json\/wp\/v2\/users\/1"}],"replies":[{"embeddable":true,"href":"https:\/\/jep.eng.br\/jep-energias\/wp-json\/wp\/v2\/comments?post=306"}],"version-history":[{"count":68,"href":"https:\/\/jep.eng.br\/jep-energias\/wp-json\/wp\/v2\/pages\/306\/revisions"}],"predecessor-version":[{"id":808,"href":"https:\/\/jep.eng.br\/jep-energias\/wp-json\/wp\/v2\/pages\/306\/revisions\/808"}],"wp:attachment":[{"href":"https:\/\/jep.eng.br\/jep-energias\/wp-json\/wp\/v2\/media?parent=306"}],"curies":[{"name":"wp","href":"https:\/\/api.w.org\/{rel}","templated":true}]}}